{"id":6963,"date":"2019-02-08T10:29:10","date_gmt":"2019-02-08T08:29:10","guid":{"rendered":"https:\/\/amerplast.com\/dry-frozen-food-packaging\/"},"modified":"2021-11-22T09:49:04","modified_gmt":"2021-11-22T07:49:04","slug":"kuiva-pakastetuotepakkaukset","status":"publish","type":"page","link":"https:\/\/amerplast.com\/fi\/tuotteet-pakkausratkaisut\/elintarvikepakkaukset-etiketit\/kuiva-pakastetuotepakkaukset\/","title":{"rendered":"Kuiva- ja pakastetuotepakkaukset"},"content":{"rendered":"","protected":false},"excerpt":{"rendered":"","protected":false},"author":7,"featured_media":2607,"parent":6991,"menu_order":0,"comment_status":"closed","ping_status":"closed","template":"","meta":{"_acf_changed":false,"footnotes":""},"class_list":["post-6963","page","type-page","status-publish","has-post-thumbnail","hentry"],"acf":[],"yoast_head":"<!-- This site is optimized with the Yoast SEO plugin v27.4 - https:\/\/yoast.com\/product\/yoast-seo-wordpress\/ -->\n<title>Kuiva- ja pakastetuotepakkaukset \u2013 Kest\u00e4vi\u00e4 ja visuaalisesti houkuttelevia<\/title>\n<meta name=\"description\" content=\"Kuiva- ja pakastetuotepakkauksemme ovat kest\u00e4vi\u00e4 ja visuaalisesti houkuttelevia. Kiinnit\u00e4mme huomiota kierr\u00e4tett\u00e4vyyteen ja ymp\u00e4rist\u00f6yst\u00e4v\u00e4llisyyteen.\" \/>\n<meta name=\"robots\" content=\"index, follow, max-snippet:-1, max-image-preview:large, max-video-preview:-1\" \/>\n<link rel=\"canonical\" href=\"https:\/\/amerplast.com\/fi\/tuotteet-pakkausratkaisut\/elintarvikepakkaukset-etiketit\/kuiva-pakastetuotepakkaukset\/\" \/>\n<meta property=\"og:locale\" content=\"fi_FI\" \/>\n<meta property=\"og:type\" content=\"article\" \/>\n<meta property=\"og:title\" content=\"Kuiva- ja pakastetuotepakkaukset \u2013 Kest\u00e4vi\u00e4 ja visuaalisesti houkuttelevia\" \/>\n<meta property=\"og:description\" content=\"Kuiva- ja pakastetuotepakkauksemme ovat kest\u00e4vi\u00e4 ja visuaalisesti houkuttelevia. Kiinnit\u00e4mme huomiota kierr\u00e4tett\u00e4vyyteen ja ymp\u00e4rist\u00f6yst\u00e4v\u00e4llisyyteen.\" \/>\n<meta property=\"og:url\" content=\"https:\/\/amerplast.com\/fi\/tuotteet-pakkausratkaisut\/elintarvikepakkaukset-etiketit\/kuiva-pakastetuotepakkaukset\/\" \/>\n<meta property=\"og:site_name\" content=\"Amerplast\" \/>\n<meta property=\"article:modified_time\" content=\"2021-11-22T07:49:04+00:00\" \/>\n<meta property=\"og:image\" content=\"https:\/\/amerplast.com\/wp-content\/uploads\/2019\/02\/Dry-and-Frozen-food-01-1024x636.jpg\" \/>\n\t<meta property=\"og:image:width\" content=\"1024\" \/>\n\t<meta property=\"og:image:height\" content=\"636\" \/>\n\t<meta property=\"og:image:type\" content=\"image\/jpeg\" \/>\n<meta name=\"twitter:card\" content=\"summary_large_image\" \/>\n<meta name=\"twitter:site\" content=\"@amerplast\" \/>\n<script type=\"application\/ld+json\" class=\"yoast-schema-graph\">{\"@context\":\"https:\\\/\\\/schema.org\",\"@graph\":[{\"@type\":\"WebPage\",\"@id\":\"https:\\\/\\\/amerplast.com\\\/fi\\\/tuotteet-pakkausratkaisut\\\/elintarvikepakkaukset-etiketit\\\/kuiva-pakastetuotepakkaukset\\\/\",\"url\":\"https:\\\/\\\/amerplast.com\\\/fi\\\/tuotteet-pakkausratkaisut\\\/elintarvikepakkaukset-etiketit\\\/kuiva-pakastetuotepakkaukset\\\/\",\"name\":\"Kuiva- ja pakastetuotepakkaukset \u2013 Kest\u00e4vi\u00e4 ja visuaalisesti houkuttelevia\",\"isPartOf\":{\"@id\":\"https:\\\/\\\/amerplast.com\\\/fi\\\/#website\"},\"primaryImageOfPage\":{\"@id\":\"https:\\\/\\\/amerplast.com\\\/fi\\\/tuotteet-pakkausratkaisut\\\/elintarvikepakkaukset-etiketit\\\/kuiva-pakastetuotepakkaukset\\\/#primaryimage\"},\"image\":{\"@id\":\"https:\\\/\\\/amerplast.com\\\/fi\\\/tuotteet-pakkausratkaisut\\\/elintarvikepakkaukset-etiketit\\\/kuiva-pakastetuotepakkaukset\\\/#primaryimage\"},\"thumbnailUrl\":\"https:\\\/\\\/amerplast.com\\\/wp-content\\\/uploads\\\/2019\\\/02\\\/Dry-and-Frozen-food-01.jpg\",\"datePublished\":\"2019-02-08T08:29:10+00:00\",\"dateModified\":\"2021-11-22T07:49:04+00:00\",\"description\":\"Kuiva- ja pakastetuotepakkauksemme ovat kest\u00e4vi\u00e4 ja visuaalisesti houkuttelevia. Kiinnit\u00e4mme huomiota kierr\u00e4tett\u00e4vyyteen ja ymp\u00e4rist\u00f6yst\u00e4v\u00e4llisyyteen.\",\"breadcrumb\":{\"@id\":\"https:\\\/\\\/amerplast.com\\\/fi\\\/tuotteet-pakkausratkaisut\\\/elintarvikepakkaukset-etiketit\\\/kuiva-pakastetuotepakkaukset\\\/#breadcrumb\"},\"inLanguage\":\"fi\",\"potentialAction\":[{\"@type\":\"ReadAction\",\"target\":[\"https:\\\/\\\/amerplast.com\\\/fi\\\/tuotteet-pakkausratkaisut\\\/elintarvikepakkaukset-etiketit\\\/kuiva-pakastetuotepakkaukset\\\/\"]}]},{\"@type\":\"ImageObject\",\"inLanguage\":\"fi\",\"@id\":\"https:\\\/\\\/amerplast.com\\\/fi\\\/tuotteet-pakkausratkaisut\\\/elintarvikepakkaukset-etiketit\\\/kuiva-pakastetuotepakkaukset\\\/#primaryimage\",\"url\":\"https:\\\/\\\/amerplast.com\\\/wp-content\\\/uploads\\\/2019\\\/02\\\/Dry-and-Frozen-food-01.jpg\",\"contentUrl\":\"https:\\\/\\\/amerplast.com\\\/wp-content\\\/uploads\\\/2019\\\/02\\\/Dry-and-Frozen-food-01.jpg\",\"width\":4167,\"height\":2588,\"caption\":\"Dry and Frozen Food Packaging\"},{\"@type\":\"BreadcrumbList\",\"@id\":\"https:\\\/\\\/amerplast.com\\\/fi\\\/tuotteet-pakkausratkaisut\\\/elintarvikepakkaukset-etiketit\\\/kuiva-pakastetuotepakkaukset\\\/#breadcrumb\",\"itemListElement\":[{\"@type\":\"ListItem\",\"position\":1,\"name\":\"Home\",\"item\":\"https:\\\/\\\/amerplast.com\\\/fi\\\/\"},{\"@type\":\"ListItem\",\"position\":2,\"name\":\"Tuotteet ja pakkausratkaisut\",\"item\":\"https:\\\/\\\/amerplast.com\\\/fi\\\/tuotteet-pakkausratkaisut\\\/\"},{\"@type\":\"ListItem\",\"position\":3,\"name\":\"Elintarvikepakkaukset ja etiketit\",\"item\":\"https:\\\/\\\/amerplast.com\\\/fi\\\/tuotteet-pakkausratkaisut\\\/elintarvikepakkaukset-etiketit\\\/\"},{\"@type\":\"ListItem\",\"position\":4,\"name\":\"Kuiva- ja pakastetuotepakkaukset\"}]},{\"@type\":\"WebSite\",\"@id\":\"https:\\\/\\\/amerplast.com\\\/fi\\\/#website\",\"url\":\"https:\\\/\\\/amerplast.com\\\/fi\\\/\",\"name\":\"Amerplast\",\"description\":\"\",\"potentialAction\":[{\"@type\":\"SearchAction\",\"target\":{\"@type\":\"EntryPoint\",\"urlTemplate\":\"https:\\\/\\\/amerplast.com\\\/fi\\\/?s={search_term_string}\"},\"query-input\":{\"@type\":\"PropertyValueSpecification\",\"valueRequired\":true,\"valueName\":\"search_term_string\"}}],\"inLanguage\":\"fi\"}]}<\/script>\n<!-- \/ Yoast SEO plugin. -->","yoast_head_json":{"title":"Kuiva- ja pakastetuotepakkaukset \u2013 Kest\u00e4vi\u00e4 ja visuaalisesti houkuttelevia","description":"Kuiva- ja pakastetuotepakkauksemme ovat kest\u00e4vi\u00e4 ja visuaalisesti houkuttelevia. Kiinnit\u00e4mme huomiota kierr\u00e4tett\u00e4vyyteen ja ymp\u00e4rist\u00f6yst\u00e4v\u00e4llisyyteen.","robots":{"index":"index","follow":"follow","max-snippet":"max-snippet:-1","max-image-preview":"max-image-preview:large","max-video-preview":"max-video-preview:-1"},"canonical":"https:\/\/amerplast.com\/fi\/tuotteet-pakkausratkaisut\/elintarvikepakkaukset-etiketit\/kuiva-pakastetuotepakkaukset\/","og_locale":"fi_FI","og_type":"article","og_title":"Kuiva- ja pakastetuotepakkaukset \u2013 Kest\u00e4vi\u00e4 ja visuaalisesti houkuttelevia","og_description":"Kuiva- ja pakastetuotepakkauksemme ovat kest\u00e4vi\u00e4 ja visuaalisesti houkuttelevia. Kiinnit\u00e4mme huomiota kierr\u00e4tett\u00e4vyyteen ja ymp\u00e4rist\u00f6yst\u00e4v\u00e4llisyyteen.","og_url":"https:\/\/amerplast.com\/fi\/tuotteet-pakkausratkaisut\/elintarvikepakkaukset-etiketit\/kuiva-pakastetuotepakkaukset\/","og_site_name":"Amerplast","article_modified_time":"2021-11-22T07:49:04+00:00","og_image":[{"width":1024,"height":636,"url":"https:\/\/amerplast.com\/wp-content\/uploads\/2019\/02\/Dry-and-Frozen-food-01-1024x636.jpg","type":"image\/jpeg"}],"twitter_card":"summary_large_image","twitter_site":"@amerplast","schema":{"@context":"https:\/\/schema.org","@graph":[{"@type":"WebPage","@id":"https:\/\/amerplast.com\/fi\/tuotteet-pakkausratkaisut\/elintarvikepakkaukset-etiketit\/kuiva-pakastetuotepakkaukset\/","url":"https:\/\/amerplast.com\/fi\/tuotteet-pakkausratkaisut\/elintarvikepakkaukset-etiketit\/kuiva-pakastetuotepakkaukset\/","name":"Kuiva- ja pakastetuotepakkaukset \u2013 Kest\u00e4vi\u00e4 ja visuaalisesti houkuttelevia","isPartOf":{"@id":"https:\/\/amerplast.com\/fi\/#website"},"primaryImageOfPage":{"@id":"https:\/\/amerplast.com\/fi\/tuotteet-pakkausratkaisut\/elintarvikepakkaukset-etiketit\/kuiva-pakastetuotepakkaukset\/#primaryimage"},"image":{"@id":"https:\/\/amerplast.com\/fi\/tuotteet-pakkausratkaisut\/elintarvikepakkaukset-etiketit\/kuiva-pakastetuotepakkaukset\/#primaryimage"},"thumbnailUrl":"https:\/\/amerplast.com\/wp-content\/uploads\/2019\/02\/Dry-and-Frozen-food-01.jpg","datePublished":"2019-02-08T08:29:10+00:00","dateModified":"2021-11-22T07:49:04+00:00","description":"Kuiva- ja pakastetuotepakkauksemme ovat kest\u00e4vi\u00e4 ja visuaalisesti houkuttelevia. Kiinnit\u00e4mme huomiota kierr\u00e4tett\u00e4vyyteen ja ymp\u00e4rist\u00f6yst\u00e4v\u00e4llisyyteen.","breadcrumb":{"@id":"https:\/\/amerplast.com\/fi\/tuotteet-pakkausratkaisut\/elintarvikepakkaukset-etiketit\/kuiva-pakastetuotepakkaukset\/#breadcrumb"},"inLanguage":"fi","potentialAction":[{"@type":"ReadAction","target":["https:\/\/amerplast.com\/fi\/tuotteet-pakkausratkaisut\/elintarvikepakkaukset-etiketit\/kuiva-pakastetuotepakkaukset\/"]}]},{"@type":"ImageObject","inLanguage":"fi","@id":"https:\/\/amerplast.com\/fi\/tuotteet-pakkausratkaisut\/elintarvikepakkaukset-etiketit\/kuiva-pakastetuotepakkaukset\/#primaryimage","url":"https:\/\/amerplast.com\/wp-content\/uploads\/2019\/02\/Dry-and-Frozen-food-01.jpg","contentUrl":"https:\/\/amerplast.com\/wp-content\/uploads\/2019\/02\/Dry-and-Frozen-food-01.jpg","width":4167,"height":2588,"caption":"Dry and Frozen Food Packaging"},{"@type":"BreadcrumbList","@id":"https:\/\/amerplast.com\/fi\/tuotteet-pakkausratkaisut\/elintarvikepakkaukset-etiketit\/kuiva-pakastetuotepakkaukset\/#breadcrumb","itemListElement":[{"@type":"ListItem","position":1,"name":"Home","item":"https:\/\/amerplast.com\/fi\/"},{"@type":"ListItem","position":2,"name":"Tuotteet ja pakkausratkaisut","item":"https:\/\/amerplast.com\/fi\/tuotteet-pakkausratkaisut\/"},{"@type":"ListItem","position":3,"name":"Elintarvikepakkaukset ja etiketit","item":"https:\/\/amerplast.com\/fi\/tuotteet-pakkausratkaisut\/elintarvikepakkaukset-etiketit\/"},{"@type":"ListItem","position":4,"name":"Kuiva- ja pakastetuotepakkaukset"}]},{"@type":"WebSite","@id":"https:\/\/amerplast.com\/fi\/#website","url":"https:\/\/amerplast.com\/fi\/","name":"Amerplast","description":"","potentialAction":[{"@type":"SearchAction","target":{"@type":"EntryPoint","urlTemplate":"https:\/\/amerplast.com\/fi\/?s={search_term_string}"},"query-input":{"@type":"PropertyValueSpecification","valueRequired":true,"valueName":"search_term_string"}}],"inLanguage":"fi"}]}},"_links":{"self":[{"href":"https:\/\/amerplast.com\/fi\/wp-json\/wp\/v2\/pages\/6963","targetHints":{"allow":["GET"]}}],"collection":[{"href":"https:\/\/amerplast.com\/fi\/wp-json\/wp\/v2\/pages"}],"about":[{"href":"https:\/\/amerplast.com\/fi\/wp-json\/wp\/v2\/types\/page"}],"author":[{"embeddable":true,"href":"https:\/\/amerplast.com\/fi\/wp-json\/wp\/v2\/users\/7"}],"replies":[{"embeddable":true,"href":"https:\/\/amerplast.com\/fi\/wp-json\/wp\/v2\/comments?post=6963"}],"version-history":[{"count":6,"href":"https:\/\/amerplast.com\/fi\/wp-json\/wp\/v2\/pages\/6963\/revisions"}],"predecessor-version":[{"id":11939,"href":"https:\/\/amerplast.com\/fi\/wp-json\/wp\/v2\/pages\/6963\/revisions\/11939"}],"up":[{"embeddable":true,"href":"https:\/\/amerplast.com\/fi\/wp-json\/wp\/v2\/pages\/6991"}],"wp:featuredmedia":[{"embeddable":true,"href":"https:\/\/amerplast.com\/fi\/wp-json\/wp\/v2\/media\/2607"}],"wp:attachment":[{"href":"https:\/\/amerplast.com\/fi\/wp-json\/wp\/v2\/media?parent=6963"}],"curies":[{"name":"wp","href":"https:\/\/api.w.org\/{rel}","templated":true}]}}

<!-- This site is optimized with the Yoast SEO plugin v27.4 - https://yoast.com/product/yoast-seo-wordpress/ -->
<title>Kuiva- ja pakastetuotepakkaukset – Kestäviä ja visuaalisesti houkuttelevia</title>
<meta name="description" content="Kuiva- ja pakastetuotepakkauksemme ovat kestäviä ja visuaalisesti houkuttelevia. Kiinnitämme huomiota kierrätettävyyteen ja ympäristöystävällisyyteen." />
<meta name="robots" content="index, follow, max-snippet:-1, max-image-preview:large, max-video-preview:-1" />
<link rel="canonical" href="https://amerplast.com/fi/tuotteet-pakkausratkaisut/elintarvikepakkaukset-etiketit/kuiva-pakastetuotepakkaukset/" />
<meta property="og:locale" content="fi_FI" />
<meta property="og:type" content="article" />
<meta property="og:title" content="Kuiva- ja pakastetuotepakkaukset – Kestäviä ja visuaalisesti houkuttelevia" />
<meta property="og:description" content="Kuiva- ja pakastetuotepakkauksemme ovat kestäviä ja visuaalisesti houkuttelevia. Kiinnitämme huomiota kierrätettävyyteen ja ympäristöystävällisyyteen." />
<meta property="og:url" content="https://amerplast.com/fi/tuotteet-pakkausratkaisut/elintarvikepakkaukset-etiketit/kuiva-pakastetuotepakkaukset/" />
<meta property="og:site_name" content="Amerplast" />
<meta property="article:modified_time" content="2021-11-22T07:49:04+00:00" />
<meta property="og:image" content="https://amerplast.com/wp-content/uploads/2019/02/Dry-and-Frozen-food-01-1024x636.jpg" />
	<meta property="og:image:width" content="1024" />
	<meta property="og:image:height" content="636" />
	<meta property="og:image:type" content="image/jpeg" />
<meta name="twitter:card" content="summary_large_image" />
<meta name="twitter:site" content="@amerplast" />
<script type="application/ld+json" class="yoast-schema-graph">{"@context":"https:\/\/schema.org","@graph":[{"@type":"WebPage","@id":"https:\/\/amerplast.com\/fi\/tuotteet-pakkausratkaisut\/elintarvikepakkaukset-etiketit\/kuiva-pakastetuotepakkaukset\/","url":"https:\/\/amerplast.com\/fi\/tuotteet-pakkausratkaisut\/elintarvikepakkaukset-etiketit\/kuiva-pakastetuotepakkaukset\/","name":"Kuiva- ja pakastetuotepakkaukset – Kestäviä ja visuaalisesti houkuttelevia","isPartOf":{"@id":"https:\/\/amerplast.com\/fi\/#website"},"primaryImageOfPage":{"@id":"https:\/\/amerplast.com\/fi\/tuotteet-pakkausratkaisut\/elintarvikepakkaukset-etiketit\/kuiva-pakastetuotepakkaukset\/#primaryimage"},"image":{"@id":"https:\/\/amerplast.com\/fi\/tuotteet-pakkausratkaisut\/elintarvikepakkaukset-etiketit\/kuiva-pakastetuotepakkaukset\/#primaryimage"},"thumbnailUrl":"https:\/\/amerplast.com\/wp-content\/uploads\/2019\/02\/Dry-and-Frozen-food-01.jpg","datePublished":"2019-02-08T08:29:10+00:00","dateModified":"2021-11-22T07:49:04+00:00","description":"Kuiva- ja pakastetuotepakkauksemme ovat kestäviä ja visuaalisesti houkuttelevia. Kiinnitämme huomiota kierrätettävyyteen ja ympäristöystävällisyyteen.","breadcrumb":{"@id":"https:\/\/amerplast.com\/fi\/tuotteet-pakkausratkaisut\/elintarvikepakkaukset-etiketit\/kuiva-pakastetuotepakkaukset\/#breadcrumb"},"inLanguage":"fi","potentialAction":[{"@type":"ReadAction","target":["https:\/\/amerplast.com\/fi\/tuotteet-pakkausratkaisut\/elintarvikepakkaukset-etiketit\/kuiva-pakastetuotepakkaukset\/"]}]},{"@type":"ImageObject","inLanguage":"fi","@id":"https:\/\/amerplast.com\/fi\/tuotteet-pakkausratkaisut\/elintarvikepakkaukset-etiketit\/kuiva-pakastetuotepakkaukset\/#primaryimage","url":"https:\/\/amerplast.com\/wp-content\/uploads\/2019\/02\/Dry-and-Frozen-food-01.jpg","contentUrl":"https:\/\/amerplast.com\/wp-content\/uploads\/2019\/02\/Dry-and-Frozen-food-01.jpg","width":4167,"height":2588,"caption":"Dry and Frozen Food Packaging"},{"@type":"BreadcrumbList","@id":"https:\/\/amerplast.com\/fi\/tuotteet-pakkausratkaisut\/elintarvikepakkaukset-etiketit\/kuiva-pakastetuotepakkaukset\/#breadcrumb","itemListElement":[{"@type":"ListItem","position":1,"name":"Home","item":"https:\/\/amerplast.com\/fi\/"},{"@type":"ListItem","position":2,"name":"Tuotteet ja pakkausratkaisut","item":"https:\/\/amerplast.com\/fi\/tuotteet-pakkausratkaisut\/"},{"@type":"ListItem","position":3,"name":"Elintarvikepakkaukset ja etiketit","item":"https:\/\/amerplast.com\/fi\/tuotteet-pakkausratkaisut\/elintarvikepakkaukset-etiketit\/"},{"@type":"ListItem","position":4,"name":"Kuiva- ja pakastetuotepakkaukset"}]},{"@type":"WebSite","@id":"https:\/\/amerplast.com\/fi\/#website","url":"https:\/\/amerplast.com\/fi\/","name":"Amerplast","description":"","potentialAction":[{"@type":"SearchAction","target":{"@type":"EntryPoint","urlTemplate":"https:\/\/amerplast.com\/fi\/?s={search_term_string}"},"query-input":{"@type":"PropertyValueSpecification","valueRequired":true,"valueName":"search_term_string"}}],"inLanguage":"fi"}]}</script>
<!-- / Yoast SEO plugin. -->

Kuiva- ja pakastetuotepakkaukset – Kestäviä ja visuaalisesti houkuttelevia

Kuiva- ja pakastetuotepakkauksemme ovat kestäviä ja visuaalisesti houkuttelevia. Kiinnitämme huomiota kierrätettävyyteen ja ympäristöystävällisyyteen.
